{"id":990,"date":"2016-02-19T14:00:05","date_gmt":"2016-02-19T17:00:05","guid":{"rendered":"https:\/\/sti.crp.ufv.br\/?page_id=990"},"modified":"2023-10-19T15:30:14","modified_gmt":"2023-10-19T18:30:14","slug":"missao-visao-e-valores","status":"publish","type":"page","link":"https:\/\/sti.crp.ufv.br\/?page_id=990","title":{"rendered":"Miss\u00e3o, vis\u00e3o e valores"},"content":{"rendered":"<p>Miss\u00e3o<\/p>\n<p>          Planejar e executar a pol\u00edtica de tecnologia da informa\u00e7\u00e3o e comunica\u00e7\u00e3o, de forma a desenvolver e manter os sistemas de informa\u00e7\u00e3o e a infraestrutura institucional de software e hardware, provendo um suporte eficiente \u00e0s atividades de ensino, pesquisa, extens\u00e3o e gest\u00e3o administrativa.<\/p>\n<p>              Vis\u00e3o<\/p>\n<p>          Contribuir para a consolida\u00e7\u00e3o da UFV como uma institui\u00e7\u00e3o de excel\u00eancia no ensino, na pesquisa e na extens\u00e3o, reconhecida pela comunidade cient\u00edfica e pela sociedade, nacional e internacionalmente.<\/p>\n<p>              Valores<\/p>\n<p>          \u2022 Efici\u00eancia;<br \/>\n          \u2022 Transpar\u00eancia;<br \/>\n          \u2022 \u00c9tica;<br \/>\n          \u2022 Integra\u00e7\u00e3o;<br \/>\n          \u2022 Igualdade;<br \/>\n          \u2022 Inova\u00e7\u00e3o;<\/p>\n","protected":false},"excerpt":{"rendered":"<p>Miss\u00e3o Planejar e executar a pol\u00edtica de tecnologia da informa\u00e7\u00e3o e comunica\u00e7\u00e3o, de forma a desenvolver e manter os sistemas de informa\u00e7\u00e3o e a infraestrutura institucional de software e hardware, provendo um suporte eficiente \u00e0s atividades de ensino, pesquisa, extens\u00e3o e gest\u00e3o administrativa. Vis\u00e3o Contribuir para a consolida\u00e7\u00e3o da UFV como uma institui\u00e7\u00e3o de excel\u00eancia [&hellip;]<\/p>\n","protected":false},"author":1,"featured_media":0,"parent":0,"menu_order":0,"comment_status":"closed","ping_status":"closed","template":"","meta":{"footnotes":""},"class_list":["post-990","page","type-page","status-publish","hentry"],"_links":{"self":[{"href":"https:\/\/sti.crp.ufv.br\/index.php?rest_route=\/wp\/v2\/pages\/990","targetHints":{"allow":["GET"]}}],"collection":[{"href":"https:\/\/sti.crp.ufv.br\/index.php?rest_route=\/wp\/v2\/pages"}],"about":[{"href":"https:\/\/sti.crp.ufv.br\/index.php?rest_route=\/wp\/v2\/types\/page"}],"author":[{"embeddable":true,"href":"https:\/\/sti.crp.ufv.br\/index.php?rest_route=\/wp\/v2\/users\/1"}],"replies":[{"embeddable":true,"href":"https:\/\/sti.crp.ufv.br\/index.php?rest_route=%2Fwp%2Fv2%2Fcomments&post=990"}],"version-history":[{"count":17,"href":"https:\/\/sti.crp.ufv.br\/index.php?rest_route=\/wp\/v2\/pages\/990\/revisions"}],"predecessor-version":[{"id":2694,"href":"https:\/\/sti.crp.ufv.br\/index.php?rest_route=\/wp\/v2\/pages\/990\/revisions\/2694"}],"wp:attachment":[{"href":"https:\/\/sti.crp.ufv.br\/index.php?rest_route=%2Fwp%2Fv2%2Fmedia&parent=990"}],"curies":[{"name":"wp","href":"https:\/\/api.w.org\/{rel}","templated":true}]}}

Missão, visão e valores

<p>Missão</p>
<p>          Planejar e executar a política de tecnologia da informação e comunicação, de forma a desenvolver e manter os sistemas de informação e a infraestrutura institucional de software e hardware, provendo um suporte eficiente às atividades de ensino, pesquisa, extensão e gestão administrativa.</p>
<p>              Visão</p>
<p>          Contribuir para a consolidação da UFV como uma instituição de excelência no ensino, na pesquisa e na extensão, reconhecida pela comunidade científica e pela sociedade, nacional e internacionalmente.</p>
<p>              Valores</p>
<p>          • Eficiência;<br />
          • Transparência;<br />
          • Ética;<br />
          • Integração;<br />
          • Igualdade;<br />
          • Inovação;</p>

<p>Missão Planejar e executar a política de tecnologia da informação e comunicação, de forma a desenvolver e manter os sistemas de informação e a infraestrutura institucional de software e hardware, provendo um suporte eficiente às atividades de ensino, pesquisa, extensão e gestão administrativa. Visão Contribuir para a consolidação da UFV como uma instituição de excelência [&hellip;]</p>
