{"id":2510,"date":"2023-10-17T10:55:34","date_gmt":"2023-10-17T13:55:34","guid":{"rendered":"https:\/\/sti.crp.ufv.br\/?page_id=2510"},"modified":"2025-11-24T08:11:53","modified_gmt":"2025-11-24T11:11:53","slug":"equipe-sti-e-suas-atribuicoes","status":"publish","type":"page","link":"https:\/\/sti.crp.ufv.br\/?page_id=2510","title":{"rendered":"Equipe e atribui\u00e7\u00f5es"},"content":{"rendered":"<p style=\"text-align: justify;\">A equipe do STI \u00e9 composta pelos servidores:<\/p>\n<p style=\"text-align: justify;\">Diego Queiroz<\/p>\n<p style=\"text-align: justify;\">Diego Resende<\/p>\n<p style=\"text-align: justify;\">Geane Miranda<\/p>\n<p style=\"text-align: justify;\">Heder Andrade &#8211; <strong>Atual chefe Imediato do setor<\/strong><\/p>\n<p style=\"text-align: justify;\">H\u00e9lio Ferreira<\/p>\n<p style=\"text-align: justify;\">Jo\u00e3o Batista<\/p>\n<p style=\"text-align: justify;\">Vagner Nunes<\/p>\n<p style=\"text-align: justify;\">Vitor Aguiar<\/p>\n<p style=\"text-align: justify;\">Integram os quadros do STI os cargos de <strong>Analista de Tecnologia da Informa\u00e7\u00e3o e T\u00e9cnico em Tecnologia da Informa\u00e7\u00e3o<\/strong> com atribui\u00e7\u00f5es previstas no <a href=\"http:\/\/portal.mec.gov.br\/arquivos\/pdf\/canalcggp\/oficios\/oc01505.pdf\" target=\"_blank\" rel=\"noopener\">Of\u00edcio Circular n\u00ba 015\/2005\/CGGP\/SAA\/SE\/MEC .<\/a><\/p>\n<p style=\"text-align: justify;\"><span style=\"color: #ff0000;\"><strong>Importante ressaltar que o STI n\u00e3o possui T\u00e9cnico em Audiovisual nem assume as atribui\u00e7\u00f5es do cargo descritas abaixo:<\/strong><\/span><\/p>\n<p style=\"text-align: justify;\">N\u00cdVEL DE CLASSIFICA\u00c7\u00c3O: D<\/p>\n<p style=\"text-align: justify;\"><strong>DENOMINA\u00c7\u00c3O DO CARGO: T\u00c9CNICO EM AUDIOVISUAL<\/strong><\/p>\n<p style=\"text-align: justify;\">ESCOLARIDADE: M\u00e9dio Profissionalizante ou M\u00e9dio Completo + experi\u00eancia<\/p>\n<p style=\"text-align: justify;\">DESCRI\u00c7\u00c3O SUM\u00c1RIA DO CARGO:<\/p>\n<p style=\"text-align: justify;\">Montar e projetar filmes cinematogr\u00e1ficos; manejar equipamentos audiovisuais utilizando nas diversas atividades did\u00e1ticas, pesquisa e extens\u00e3o, bem como operar equipamentos eletr\u00f4nicos para grava\u00e7\u00e3o em fita ou fios magn\u00e9ticos, filmes, discos virgens e outras m\u00eddias. Assessorar nas atividades de ensino, pesquisa e extens\u00e3o.<\/p>\n<p style=\"text-align: justify;\">ATIVIDADES T\u00cdPICAS DO CARGO DE T\u00c9CNICO EM AUDIOVISUAL<\/p>\n<p style=\"text-align: justify;\">Ligar os amplificadores por interm\u00e9dio de conectores el\u00e9tricos.<br \/>\nInstalar alto-falantes e microfones nos lugares apropriados.<br \/>\nTestar a instala\u00e7\u00e3o fazendo as conex\u00f5es convenientes.<br \/>\nMontar e instalar equipamentos de sonoriza\u00e7\u00e3o, retroprojetores de slides e pel\u00edculas, -tape, videocassete, e similares.<br \/>\nManejar equipamentos audiovisual, projetando filmes e coordenando o sistema el\u00e9trico durante as proje\u00e7\u00f5es.<br \/>\nColaborar na produ\u00e7\u00e3o de material did\u00e1tico, pesquisa e extens\u00e3o que necessitar de recursos audiovisuais.<br \/>\nManter e conservar os equipamentos sob sua responsabilidade.<br \/>\nExecutar pequenos trabalhos de manuten\u00e7\u00e3o de aparelhagem.<br \/>\nControlar a circula\u00e7\u00e3o dos equipamentos, registrando sua movimenta\u00e7\u00e3o em fich\u00e1rio apropriado.<br \/>\nUtilizar recursos de inform\u00e1tica.<br \/>\nExecutar outras tarefas de mesma natureza e n\u00edvel de complexidade associadas ao ambiente organizacional.<\/p>\n","protected":false},"excerpt":{"rendered":"<p>A equipe do STI \u00e9 composta pelos servidores: Diego Queiroz Diego Resende Geane Miranda Heder Andrade &#8211; Atual chefe Imediato do setor H\u00e9lio Ferreira Jo\u00e3o Batista Vagner Nunes Vitor Aguiar Integram os quadros do STI os cargos de Analista de Tecnologia da Informa\u00e7\u00e3o e T\u00e9cnico em Tecnologia da Informa\u00e7\u00e3o com atribui\u00e7\u00f5es previstas no Of\u00edcio Circular [&hellip;]<\/p>\n","protected":false},"author":1,"featured_media":0,"parent":0,"menu_order":0,"comment_status":"closed","ping_status":"closed","template":"","meta":{"footnotes":""},"class_list":["post-2510","page","type-page","status-publish","hentry"],"_links":{"self":[{"href":"https:\/\/sti.crp.ufv.br\/index.php?rest_route=\/wp\/v2\/pages\/2510","targetHints":{"allow":["GET"]}}],"collection":[{"href":"https:\/\/sti.crp.ufv.br\/index.php?rest_route=\/wp\/v2\/pages"}],"about":[{"href":"https:\/\/sti.crp.ufv.br\/index.php?rest_route=\/wp\/v2\/types\/page"}],"author":[{"embeddable":true,"href":"https:\/\/sti.crp.ufv.br\/index.php?rest_route=\/wp\/v2\/users\/1"}],"replies":[{"embeddable":true,"href":"https:\/\/sti.crp.ufv.br\/index.php?rest_route=%2Fwp%2Fv2%2Fcomments&post=2510"}],"version-history":[{"count":27,"href":"https:\/\/sti.crp.ufv.br\/index.php?rest_route=\/wp\/v2\/pages\/2510\/revisions"}],"predecessor-version":[{"id":3203,"href":"https:\/\/sti.crp.ufv.br\/index.php?rest_route=\/wp\/v2\/pages\/2510\/revisions\/3203"}],"wp:attachment":[{"href":"https:\/\/sti.crp.ufv.br\/index.php?rest_route=%2Fwp%2Fv2%2Fmedia&parent=2510"}],"curies":[{"name":"wp","href":"https:\/\/api.w.org\/{rel}","templated":true}]}}