{"id":2074,"date":"2021-07-04T17:01:32","date_gmt":"2021-07-04T20:01:32","guid":{"rendered":"https:\/\/sti.crp.ufv.br\/?page_id=2074"},"modified":"2026-04-29T14:09:03","modified_gmt":"2026-04-29T17:09:03","slug":"dias-e-horarios-de-funcionamento","status":"publish","type":"page","link":"https:\/\/sti.crp.ufv.br\/?page_id=2074","title":{"rendered":"Funcionamento do Setor"},"content":{"rendered":"\r\n<h2>\u00a0<\/h2>\r\n<p><strong>Hor\u00e1rio de atendimento na sala BBT 301<\/strong><\/p>\r\n\r\n\r\n\r\n<p><span style=\"color: #993300;\"><strong>Segunda a sexta, de 08:00 \u00e0s 12:00 e 13:00 \u00e0s 17:00.<\/strong><\/span><\/p>\r\n\r\n\r\n\r\n<p>Realizamos ainda atendimento aos servidores pelo sistema Helpdesk no endere\u00e7o <a href=\"https:\/\/helpdesk.crp.ufv.br\/\" target=\"_blank\" rel=\"noreferrer noopener\">https:\/\/helpdesk.crp.ufv.br <\/a>e para os discentes\/outros pelo e-mail <strong>sticrp@ufv.br<\/strong>.<\/p>\r\n\r\n\r\n<hr class=\"wp-block-separator has-css-opacity\" \/>\r\n\r\n\r\n<p>Disponibilizamos tamb\u00e9m o atendimento via <strong>Telefone\/Whatsapp<\/strong> para d\u00favidas e sugest\u00f5es:<\/p>\r\n\r\n\r\n\r\n\r\n\r\n<p class=\"has-text-align-left\" style=\"text-align: left;\"><a href=\"https:\/\/wa.me\/message\/ED67N3P7GB3XI1\" target=\"_blank\" rel=\"noreferrer noopener\" aria-label=\" (034)3855-9341 (abre numa nova aba)\">(034) 3855-9341<\/a><\/p>\r\n\r\n\r\n<hr class=\"wp-block-separator has-css-opacity\" \/>\r\n<p><\/p>","protected":false},"excerpt":{"rendered":"<p>\u00a0 Hor\u00e1rio de atendimento na sala BBT 301 Segunda a sexta, de 08:00 \u00e0s 12:00 e 13:00 \u00e0s 17:00. Realizamos ainda atendimento aos servidores pelo sistema Helpdesk no endere\u00e7o https:\/\/helpdesk.crp.ufv.br e para os discentes\/outros pelo e-mail sticrp@ufv.br. Disponibilizamos tamb\u00e9m o atendimento via Telefone\/Whatsapp para d\u00favidas e sugest\u00f5es: (034) 3855-9341<\/p>\n","protected":false},"author":1,"featured_media":0,"parent":0,"menu_order":0,"comment_status":"closed","ping_status":"closed","template":"","meta":{"footnotes":""},"class_list":["post-2074","page","type-page","status-publish","hentry"],"_links":{"self":[{"href":"https:\/\/sti.crp.ufv.br\/index.php?rest_route=\/wp\/v2\/pages\/2074","targetHints":{"allow":["GET"]}}],"collection":[{"href":"https:\/\/sti.crp.ufv.br\/index.php?rest_route=\/wp\/v2\/pages"}],"about":[{"href":"https:\/\/sti.crp.ufv.br\/index.php?rest_route=\/wp\/v2\/types\/page"}],"author":[{"embeddable":true,"href":"https:\/\/sti.crp.ufv.br\/index.php?rest_route=\/wp\/v2\/users\/1"}],"replies":[{"embeddable":true,"href":"https:\/\/sti.crp.ufv.br\/index.php?rest_route=%2Fwp%2Fv2%2Fcomments&post=2074"}],"version-history":[{"count":68,"href":"https:\/\/sti.crp.ufv.br\/index.php?rest_route=\/wp\/v2\/pages\/2074\/revisions"}],"predecessor-version":[{"id":3251,"href":"https:\/\/sti.crp.ufv.br\/index.php?rest_route=\/wp\/v2\/pages\/2074\/revisions\/3251"}],"wp:attachment":[{"href":"https:\/\/sti.crp.ufv.br\/index.php?rest_route=%2Fwp%2Fv2%2Fmedia&parent=2074"}],"curies":[{"name":"wp","href":"https:\/\/api.w.org\/{rel}","templated":true}]}}