{"id":1002,"date":"2016-02-19T14:20:36","date_gmt":"2016-02-19T17:20:36","guid":{"rendered":"https:\/\/sti.crp.ufv.br\/?page_id=1002"},"modified":"2023-10-23T09:04:46","modified_gmt":"2023-10-23T12:04:46","slug":"regimento-interno","status":"publish","type":"page","link":"https:\/\/sti.crp.ufv.br\/?page_id=1002","title":{"rendered":"Regimento Interno"},"content":{"rendered":"<p style=\"text-align: justify;\">O Servi\u00e7o de Tecnologia da Informa\u00e7\u00e3o &#8211; Campus Rio Parana\u00edba segue o Regimento Interno da Diretoria de Tecnologia da Informa\u00e7\u00e3o (DTI) , localizada no campus sede ao qual est\u00e1 subordinado.<\/p>\n<p style=\"text-align: justify;\"><span style=\"color: #993300;\"><strong>RESOLU\u00c7\u00c3O N\u00ba 02\/2020<\/strong><\/span><\/p>\n<p style=\"text-align: justify;\">O CONSELHO UNIVERSIT\u00c1RIO da Universidade Federal de Vi\u00e7osa, \u00f3rg\u00e3o superior de administra\u00e7\u00e3o, no uso de suas atribui\u00e7\u00f5es legais, considerando o que consta no processo n\u00ba 23114.901285\/2020-78, e em conformidade com o que foi deliberado em sua 444\u00aa reuni\u00e3o, realizada em 14.03.2020, resolve<\/p>\n<p style=\"text-align: justify;\">01 \u2013 Aprovar o regimento interno da Pr\u00f3-Reitoria de Planejamento e Or\u00e7amento (PPO) e \u00f3rg\u00e3os a ela vinculados: Diretoria de Governan\u00e7a Institucional (DGI), Diretoria de Material (DMT), Diretoria de Tecnologia da Informa\u00e7\u00e3o (DTI) e Diretoria Financeira (DFN);<\/p>\n<p style=\"text-align: justify;\">02 \u2013 Revogar as Resolu\u00e7\u00f5es 04\/1987\/Consu, 06\/2002\/Consu e 20\/2009\/Consu.<\/p>\n<p style=\"text-align: justify;\"><a href=\"https:\/\/www1.dti.ufv.br\/wp-content\/uploads\/2020\/04\/resolucao_num_02-2020.pdf\" target=\"_blank\" rel=\"noopener\">RESOLU\u00c7\u00c3O N\u00ba 02\/2020 (arquivo .pdf, 143 KiB)<\/a><\/p>\n","protected":false},"excerpt":{"rendered":"<p>O Servi\u00e7o de Tecnologia da Informa\u00e7\u00e3o &#8211; Campus Rio Parana\u00edba segue o Regimento Interno da Diretoria de Tecnologia da Informa\u00e7\u00e3o (DTI) , localizada no campus sede ao qual est\u00e1 subordinado. RESOLU\u00c7\u00c3O N\u00ba 02\/2020 O CONSELHO UNIVERSIT\u00c1RIO da Universidade Federal de Vi\u00e7osa, \u00f3rg\u00e3o superior de administra\u00e7\u00e3o, no uso de suas atribui\u00e7\u00f5es legais, considerando o que consta [&hellip;]<\/p>\n","protected":false},"author":1,"featured_media":0,"parent":0,"menu_order":0,"comment_status":"closed","ping_status":"closed","template":"","meta":{"footnotes":""},"class_list":["post-1002","page","type-page","status-publish","hentry"],"_links":{"self":[{"href":"https:\/\/sti.crp.ufv.br\/index.php?rest_route=\/wp\/v2\/pages\/1002","targetHints":{"allow":["GET"]}}],"collection":[{"href":"https:\/\/sti.crp.ufv.br\/index.php?rest_route=\/wp\/v2\/pages"}],"about":[{"href":"https:\/\/sti.crp.ufv.br\/index.php?rest_route=\/wp\/v2\/types\/page"}],"author":[{"embeddable":true,"href":"https:\/\/sti.crp.ufv.br\/index.php?rest_route=\/wp\/v2\/users\/1"}],"replies":[{"embeddable":true,"href":"https:\/\/sti.crp.ufv.br\/index.php?rest_route=%2Fwp%2Fv2%2Fcomments&post=1002"}],"version-history":[{"count":11,"href":"https:\/\/sti.crp.ufv.br\/index.php?rest_route=\/wp\/v2\/pages\/1002\/revisions"}],"predecessor-version":[{"id":2981,"href":"https:\/\/sti.crp.ufv.br\/index.php?rest_route=\/wp\/v2\/pages\/1002\/revisions\/2981"}],"wp:attachment":[{"href":"https:\/\/sti.crp.ufv.br\/index.php?rest_route=%2Fwp%2Fv2%2Fmedia&parent=1002"}],"curies":[{"name":"wp","href":"https:\/\/api.w.org\/{rel}","templated":true}]}}

<p style="text-align: justify;">O Serviço de Tecnologia da Informação &#8211; Campus Rio Paranaíba segue o Regimento Interno da Diretoria de Tecnologia da Informação (DTI) , localizada no campus sede ao qual está subordinado.</p>
<p style="text-align: justify;"><span style="color: #993300;"><strong>RESOLUÇÃO Nº 02/2020</strong></span></p>
<p style="text-align: justify;">O CONSELHO UNIVERSITÁRIO da Universidade Federal de Viçosa, órgão superior de administração, no uso de suas atribuições legais, considerando o que consta no processo nº 23114.901285/2020-78, e em conformidade com o que foi deliberado em sua 444ª reunião, realizada em 14.03.2020, resolve</p>
<p style="text-align: justify;">01 – Aprovar o regimento interno da Pró-Reitoria de Planejamento e Orçamento (PPO) e órgãos a ela vinculados: Diretoria de Governança Institucional (DGI), Diretoria de Material (DMT), Diretoria de Tecnologia da Informação (DTI) e Diretoria Financeira (DFN);</p>
<p style="text-align: justify;">02 – Revogar as Resoluções 04/1987/Consu, 06/2002/Consu e 20/2009/Consu.</p>
<p style="text-align: justify;"><a href="https://www1.dti.ufv.br/wp-content/uploads/2020/04/resolucao_num_02-2020.pdf" target="_blank" rel="noopener">RESOLUÇÃO Nº 02/2020 (arquivo .pdf, 143 KiB)</a></p>

<p>O Serviço de Tecnologia da Informação &#8211; Campus Rio Paranaíba segue o Regimento Interno da Diretoria de Tecnologia da Informação (DTI) , localizada no campus sede ao qual está subordinado. RESOLUÇÃO Nº 02/2020 O CONSELHO UNIVERSITÁRIO da Universidade Federal de Viçosa, órgão superior de administração, no uso de suas atribuições legais, considerando o que consta [&hellip;]</p>
